*3 + 66*w**2 - 63*w - 27. Give r(32).
5
Let x(f) = f**2 + 1039*f - 28788. Calculate x(27).
-6
Let u(y) = 2*y**3 - 41*y**2 + 24*y - 111. Calculate u(20).
-31
Let f(j) = 32*j + 622. Give f(-18).
46
Let v(i) = -i**2 - 46*i - 789. What is v(-24)?
-261
Let w(v) = -34*v - 287. What is w(-18)?
325
Let d(j) = 117*j - 3023. Give d(26).
19
Let r(n) = n**2 + 85*n + 732. What is r(-10)?
-18
Let d(t) = t**3 + 3*t**2 + t - 2. Determine d(-2).
0
Let m(t) = 5*t**3 - 298*t**2 + 174*t + 185. Give m(59).
8
Let k(j) = 6*j**3 + 16*j**2 + 15*j - 2. Calculate k(-1).
-7
Let w(s) = s**2 - 199*s - 4868. Calculate w(-22).
-6
Let o(c) = -c - 161. Calculate o(-56).
-105
Let m(a) = 55*a - 870. What is m(16)?
10
Let f(u) = -4*u**3 + u**2 - 68*u + 138. Determine f(2).
-26
Let x(y) = 360*y - 3244. Give x(9).
-4
Let w(c) = c - 11. Determine w(-34).
-45
Let l(s) = -3*s**2 - 4*s + 2. What is l(-3)?
-13
Let k(x) = -3*x**2 - 244*x + 929. Determine k(-85).
-6
Let f(l) = l**2 - 2139*l + 8539. Determine f(4).
-1
Let k(m) = -m**3 + 53*m**2 - 21*m - 1434. Give k(52).
178
Let k(p) = 2*p**3 + 328*p**2 + 975*p - 5. Calculate k(-3).
-32
Let z(j) = -j**2 - 35*j - 223. Calculate z(-18).
83
Let f(a) = -2*a**3 - 154*a**2 + 37*a + 2852. Determine f(-77).
3
Let y(q) = -57*q**2 - 298*q - 65. Calculate y(-5).
0
Let y(i) = -7*i**2 + 45*i - 100. Calculate y(6).
-82
Let n(x) = -x**3 - 13*x**2 - 7*x + 226. Calculate n(-10).
-4
Let b(q) = q**2 + 42*q + 212. Give b(-31).
-129
Let h(f) = -f**3 + 6*f**2 + 739*f - 4434. Determine h(6).
0
Let y(b) = -282*b + 1134. Calculate y(4).
6
Let q(g) = 54*g - 34. What is q(-6)?
-358
Let m(s) = s**2 - 46*s - 683. Calculate m(58).
13
Let o(k) = -k**3 - k**2 - 12*k - 42. Calculate o(-3).
12
Let x(u) = 2*u**3 - 14*u - 4. Give x(6).
344
Let g(q) = q**3 + 11*q**2 + 16*q + 32. Calculate g(-9).
50
Let c(o) = 1776*o + 1829. Determine c(-1).
53
Let a(k) = -4*k**2 - 21*k + 37. Determine a(6).
-233
Let t(u) = 3*u**2 + 31*u - 198. Calculate t(6).
96
Let u(s) = 68*s - 1509. What is u(22)?
-13
Let t(r) = -2*r**2 + 207*r + 325. What is t(104)?
221
Let r(a) = -175*a - 2980. What is r(-17)?
-5
Let p(g) = g**3 + 89*g**2 + 1695*g + 575. Determine p(-27).
8
Let c(z) = z**3 - 13*z**2 + 17*z - 235. Calculate c(13).
-14
Let r(s) = 4*s**2 - 84*s + 10. What is r(31)?
1250
Let p(s) = -7*s - 375. Give p(-45).
-60
Let z(d) = -13*d + 115. Give z(15).
-80
Let j(c) = c**2 + 282*c + 3734. Determine j(-14).
-18
Let i(u) = 3551*u + 3580. What is i(-1)?
29
Let a(p) = 312*p - 38378. Calculate a(123).
-2
Let i(v) = 1275*v - 29317. What is i(23)?
8
Let s(f) = f**2 + 676*f - 3391. Give s(5).
14
Let t(j) = -50*j + 1513. Give t(22).
413
Let m(d) = d**2 - 8*d - 434. Give m(0).
-434
Let q(a) = -212*a - 2122. Give q(-11).
210
Let k(s) = s**2 - 300*s + 22178. Calculate k(167).
-33
Let f(y) = -777*y**2 - 4675*y - 85. What is f(-6)?
-7
Let m(i) = i**2 + 44*i + 572. Calculate m(-25).
97
Let l(z) = -410*z + 2476. Give l(6).
16
Let m(v) = -2571*v + 7727. What is m(3)?
14
Let o(x) = -x**3 - 47*x**2 + 46*x - 168. Calculate o(-48).
-72
Let w(k) = 8*k**3 - 2*k**2 - 59*k + 123. Determine w(2).
61
Let p(h) = -2*h**2 - 123*h - 34. Determine p(-61).
27
Let t(p) = p**3 - 4*p**2 + 7*p - 1. Give t(4).
27
Let i(k) = -k**3 + 48*k**2 - 44*k - 130. What is i(47)?
11
Let n(p) = 283*p + 2808. Give n(-10).
-22
Let v(t) = -t**3 - 72*t - 67. What is v(0)?
-67
Let l(s) = s**3 + 26*s**2 - 272*s + 5. Give l(8).
5
Let w(m) = 16*m**3 + 4*m**2 - 26*m + 44. Determine w(2).
136
Let z(h) = -299*h - 9881. Determine z(-33).
-14
Let i(w) = -2*w**2 - 27*w + 376. What is i(-22)?
2
Let f(i) = -543*i - 1631. Determine f(-3).
-2
Let q(b) = 2*b**3 + 11*b**2 + 15*b + 12. What is q(-6)?
-114
Let c(u) = -5*u**2 - u + 17. What is c(2)?
-5
Let u(n) = 431*n - 11211. What is u(26)?
-5
Let j(a) = 4*a**2 + 29*a - 169. Determine j(-18).
605
Let r(w) = 2*w**3 - 44*w**2 + 49*w - 147. Calculate r(21).
0
Let l(g) = -4*g**2 - 13*g + 44. What is l(-7)?
-61
Let p(x) = 16*x - 39. What is p(-30)?
-519
Let z(q) = q**3 + 4*q**2 - 168*q - 53. Determine z(-15).
-8
Let h(d) = 182*d - 6728. Determine h(37).
6
Let m(t) = -83*t + 2811. What is m(34)?
-11
Let a(j) = 5*j**2 + 230*j - 737. Give a(-49).
-2
Let i(o) = 41*o + 13. Give i(4).
177
Let g(s) = -12*s**3 - 5*s**2 - 2*s + 2. Give g(-1).
11
Let n(o) = o**3 + 9*o**2 + 14*o + 23. What is n(-8)?
-25
Let j(o) = 302*o + 288. Calculate j(-1).
-14
Let r(o) = 3*o**3 + 8*o**2 + 2*o - 6. What is r(-1)?
-3
Let g(l) = -7*l**2 + 34*l + 8. Calculate g(10).
-352
Let p(b) = b**3 + 49*b**2 - 267*b + 3479. Calculate p(-55).
14
Let a(k) = 5*k**2 + 261*k + 87. Give a(-52).
35
Let i(k) = 16*k**2 + 12*k + 17. Give i(-2).
57
Let c(z) = -z**3 + 20*z**2 - 41*z + 18. Give c(18).
-72
Let q(n) = -n**3 + 26*n**2 - 95*n + 1725. Determine q(25).
-25
Let r(v) = v**3 + 5*v**2 + 13*v + 19. Calculate r(-3).
-2
Let o(r) = -r**2 + 53*r - 568. Calculate o(38).
2
Let d(r) = -886*r**2 - 1789*r - 36. Determine d(-2).
-2
Let y(u) = 20*u**2 - 22*u + 24. Determine y(1).
22
Let b(c) = -740*c**2 + c - 2. Calculate b(0).
-2
Let t(f) = 3176*f - 12669. What is t(4)?
35
Let y(h) = -h**3 - 10*h**2 + 30*h + 39. Determine y(-12).
-33
Let k(l) = -l**2 - 75*l - 1146. What is k(-40)?
254
Let h(j) = -9*j - 673. Give h(-73).
-16
Let w(o) = -1247*o - 29919. What is w(-24)?
9
Let g(y) = 190*y + 373. Determine g(-2).
-7
Let o(c) = 6*c**2 - 232*c - 911. Give o(-4).
113
Let d(r) = 3*r**2 - 91*r + 130. Give d(28).
-66
Let s(u) = -u**3 + 7*u**2 - 2*u + 17. What is s(8)?
-63
Let n(q) = q**2 + 95*q + 1639. Determine n(-24).
-65
Let s(a) = 9654*a + 86868. What is s(-9)?
-18
Let o(l) = 234*l + 15. What is o(-1)?
-219
Let o(f) = 74*f + 5329. What is o(-72)?
1
Let t(z) = z**3 + 11*z**2 - 37*z - 131. What is t(-13)?
12
Let f(z) = -z**2 + 128*z - 3101. Give f(31).
-94
Let u(l) = -2*l**3 + 15*l**2 - 14*l + 30. Determine u(7).
-19
Let t(c) = c**3 - 25*c**2 - 74*c - 73. Calculate t(28).
207
Let p(n) = -2*n**3 + 17*n**2 + 25*n - 154. Calculate p(9).
-10
Let a(m) = -79*m + 1815. Calculate a(15).
630
Let b(d) = d**3 - 11*d**2 - d - 2. Determine b(2).
-40
Let y(n) = n**3 + 7*n**2 + 10*n + 43. Give y(-6).
19
Let o(y) = 11*y**2 + 2*y - 31. Determine o(-2).
9
Let n(z) = -53*z - 5504. What is n(-104)?
8
Let r(z) = -7*z**2 - 41*z - 8. Determine r(-6).
-14
Let j(k) = k**2 - 1066*k + 5309. Calculate j(5).
4
Let y(t) = t**3 + 50*t**2 + 80*t + 3993. What is y(-50)?
-7
Let n(i) = 38*i**2 + 2810*i - 148. Give n(-74).
0
Let n(o) = -o**2 - 1108*o - 32361. Calculate n(-30).
-21
Let w(i) = i**2 - 54*i + 436. Give w(10).
-4
Let m(a) = -a**3 + 7*a**2 - 16*a + 17. Calculate m(4).
1
Let a(g) = g**3 + 9*g**2 + 34*g + 291. What is a(-9)?
-15
Let z(u) = -u**3 + 74*u**2 - 152*u + 546. Determine z(72).
-30
Let q(g) = 3*g + 23. Determine q(-2).
17
Let d(k) = -2*k**3 + 15*k**2 + 23*k - 10. Determine d(9).
-46
Let j(f) = -1295*f + 9118. What is j(7)?
53
Let k(g) = -27*g**3 - 4*g**2 - 37*g + 37. Calculate k(1).
-31
Let s(x) = x**3 - 34*x**2 + 117*x + 102. Give s(30).
12
Let o(n) = 2*n**3 - 7*n**2 - 22*n + 212. Calculate o(7).
401
Let o(s) = -2*s**2 - 108*s + 1121. Calculate o(-63).
-13
Let f(h) = -h**2 + 37*h - 682. Give f(19).
-340
Let m(p) = p**3 - 13*p**2 - 178*p + 2222. Calculate m(15).
2
Let n(o) = -o**2 - 27*o - 66. What is n(-7)?
74
Let y(s) = s**2 + s - 90. What is y(-9)?
-18
Let t(y) = y**3 + 26*y**2 - 27*y + 3. Give t(-28).
-809
Let k(a) = 161*a + 1673. What is k(-14)?
-581
Let u(t) = 3*t + 90. Determine u(-3).
81
Let u(v) = -23*v**2 + 234*v - 583. Determine u(6).
-7
Let z(c) = -c**2 + 32*c - 98. Determine z(4).
14
Let x(z) = -z**3 - 2*z**2 - 25*z - 68. Calculate x(7).
-684
Let v(n) = -1356*n - 8122. Calculate v(-6).
14
Let f(r) = r**3 - 6*r**2 + 2*r - 76. Determine f(7).
-13
Let d(s) = -s**3 - 7*s**2 + 69*s + 333. Give d(-4).
9
Let f(o) = -o**3 + 13*o**2 + 112*o + 37. What is f(19)?
-1
Let m(l) = 2711*l - 27131. Determine m(10).
-21
Let p(l) = -20*l + 1449. Determine p(72).
9
Let u(f) = 3*f**2 + 4*f - 41. Calculate u(-7).
78
Let b(h) = 2*h**3 + 99*h**2 + 138*h - 293. Calculate b(-48).
-5
Let o(s) = 34*s**2 + 64*s + 61. What is o(-1)?
31
Let o(j) = -j + 173. Determine o(36).
137
Let n(v) = -20*v - 78. Determine n(8).
-238
Let k(a) = -375*a - 3010. Determine k(-8).
-10
Let x(u) = u**2 - 22*u + 113. Calculate x(8).
1
Let 